46. Calculate l(-14).
2342
Let j(p) = -1626*p + 179117. Give j(110).
257
Let b(j) = 11*j**2 - 874*j - 67409. Calculate b(-48).
-113
Let m(t) = -2474*t**2 + 356250*t + 881. Give m(144).
17
Let s(a) = 33*a**2 - 5918*a + 1936. Determine s(179).
-33
Let c(s) = 1358*s + 88253. Determine c(-65).
-17
Let a(g) = -38*g + 3586. Determine a(78).
622
Let d(m) = 203*m**2 - 2500*m + 7. Determine d(14).
4795
Let o(b) = b**3 + 52*b**2 + 354*b + 32. What is o(-8)?
16
Let d(k) = k**3 + 557*k**2 + 2766*k - 31. Give d(-5).
-61
Let c(g) = 5*g**2 + 229*g + 3037. Calculate c(-16).
653
Let f(o) = 77151*o - 2623132. What is f(34)?
2
Let i(x) = -2360*x + 56551. What is i(24)?
-89
Let m(h) = -74*h - 8393. What is m(-104)?
-697
Let k(t) = -t**2 - 1170*t + 68. Determine k(0).
68
Let w(v) = -38*v**2 + 3752*v - 20275. Give w(93).
-1
Let v(a) = -2*a**3 - 63*a**2 + 299*a + 8546. Determine v(-32).
2
Let t(h) = 8932*h + 276885. Calculate t(-31).
-7
Let m(s) = -s**2 - 57317*s - 2. Determine m(0).
-2
Let d(t) = -t**3 - 95*t**2 + 74*t + 60727. Calculate d(-88).
7
Let n(i) = 2*i**2 + 8881*i + 6. Calculate n(0).
6
Let i(d) = 2*d**2 - 10863*d - 1411863. Give i(-127).
-4
Let y(u) = -8*u**2 + 735*u + 1495. What is y(-2)?
-7
Let j(l) = -937*l + 66504. Give j(71).
-23
Let k(m) = -27*m**3 + 1470*m**2 - 650*m + 48. What is k(54)?
-60
Let v(f) = -f**3 - 378*f**2 - 13520*f + 12. What is v(-338)?
12
Let g(s) = 548*s - 4380. Give g(8).
4
Let a(r) = r**3 - 19*r**2 - 183*r - 1955. Give a(28).
-23
Let k(a) = 3094*a + 12834. Calculate k(-4).
458
Let d(q) = 34*q**2 - 64*q + 187. What is d(3)?
301
Let j(p) = 2901*p - 136380. What is j(47)?
-33
Let b(z) = -654*z + 79070. Give b(121).
-64
Let s(j) = 970*j - 3576. Calculate s(4).
304
Let q(a) = 293*a - 13073. Give q(45).
112
Let s(b) = 808*b - 24239. Determine s(30).
1
Let o(a) = a**2 - 48*a - 919. Determine o(60).
-199
Let f(o) = -110*o**3 - 110*o**2 - 19*o - 5. Calculate f(-1).
14
Let m(a) = 855*a + 285547. What is m(-334)?
-23
Let m(t) = -1188*t + 49962. Give m(44).
-2310
Let c(p) = 23*p**3 - 411*p**2 - 81*p + 770. Give c(18).
284
Let u(x) = 2914*x + 8782. Determine u(-3).
40
Let g(r) = -6130*r - 141066. Calculate g(-23).
-76
Let l(f) = 1118*f - 144205. What is l(129)?
17
Let t(k) = -284*k**2 - 34600*k + 5853. What is t(-122)?
-3
Let z(n) = -n**3 - 25*n**2 + 118*n + 2761. Calculate z(-10).
81
Let o(t) = 5491*t + 2413. Give o(-2).
-8569
Let g(t) = t**3 + 34*t**2 - 531*t - 678. Determine g(-45).
942
Let y(f) = -f**3 - 3*f**2 - 26865*f + 53745. Give y(2).
-5
Let k(c) = 2*c**2 + 90396*c - 1085043. What is k(12)?
-3
Let x(i) = -6*i**2 + 192*i - 1022. Calculate x(6).
-86
Let m(b) = b**2 + 46885*b + 9662377. Calculate m(-207).
31
Let z(k) = -k**3 + 521*k**2 - 1296*k - 133656. Give z(518).
-12
Let l(m) = -193763*m - 775023. What is l(-4)?
29
Let u(d) = -d**3 + 276*d**2 + 6240*d - 865. What is u(297)?
26
Let q(k) = -10*k**2 + 126*k - 164. Give q(12).
-92
Let j(m) = -2*m**2 + 391*m - 2671. Determine j(183).
1904
Let z(l) = 2*l**2 - 17*l + 115. Give z(10).
145
Let m(z) = 7941*z - 293828. What is m(37)?
-11
Let a(j) = j**2 - 215*j - 5729. Give a(-21).
-773
Let h(w) = 7*w**3 - 5*w**2 + 275*w - 1127. Determine h(4).
341
Let t(u) = 27*u**3 - 2080*u**2 + 75*u - 258. Calculate t(77).
-412
Let z(p) = -756*p - 67. Calculate z(-3).
2201
Let j(s) = 20589*s + 370607. Give j(-18).
5
Let v(q) = q**2 + 349*q + 9282. Give v(-29).
2
Let i(j) = 6*j**3 + 1942*j**2 - 641*j + 2593. Give i(-324).
325
Let t(i) = 2*i**3 - 144*i**2 - 158*i + 1017. What is t(73)?
141
Let j(h) = -261*h**3 + 5*h**2 - 77*h - 81. What is j(-1)?
262
Let j(q) = 3752*q + 40458. Determine j(-11).
-814
Let l(b) = -1136856*b + 11368566. Give l(10).
6
Let d(h) = h**3 + 71*h**2 - 1074*h - 85. Determine d(15).
3155
Let a(s) = 281*s + 33124. Determine a(-117).
247
Let d(t) = 2*t**3 - 241*t**2 + 6171*t + 72. What is d(37)?
-224
Let d(y) = -4006*y + 76921. Determine d(19).
807
Let j(a) = -a**2 + 98*a - 2345. Determine j(38).
-65
Let q(o) = -o**3 + 35*o**2 - 201*o - 1907. What is q(18)?
-17
Let n(j) = j**3 + 10*j**2 + 309*j + 1724. Give n(-6).
14
Let s(g) = g**3 - g**2 + 2441*g - 7336. Determine s(3).
5
Let j(g) = g**3 - 104*g**2 - 323*g - 1102. Give j(107).
-1316
Let w(l) = -16*l**3 + 32*l**2 + 2810*l - 5628. What is w(2)?
-8
Let g(m) = 5*m**2 + 1021*m + 17593. Determine g(-19).
-1
Let c(u) = 854*u**2 - 7717*u + 230. Calculate c(9).
-49
Let l(j) = 4*j**3 - 3*j**2 + 30*j + 206. Give l(-7).
-1523
Let c(k) = 3*k**2 - 821*k + 4159. Determine c(267).
-1181
Let f(k) = -k**2 + 96*k + 100. Give f(-1).
3
Let l(t) = -15308*t + 168539. Determine l(11).
151
Let x(d) = 2*d**2 + 252*d + 2399. What is x(-104)?
-2177
Let w(o) = -603*o**2 + 132*o + 261. Give w(-2).
-2415
Let r(i) = -6*i**2 + 12*i - 64. What is r(5)?
-154
Let z(t) = t**3 - 3*t**2 + 99*t - 241. What is z(3)?
56
Let w(v) = -612*v**3 - 9178*v**2 + 34*v + 77. Determine w(-15).
17
Let t(b) = -13*b**3 + 625*b**2 - 45*b - 140. Give t(48).
4
Let s(i) = 1659*i + 21537. What is s(-13)?
-30
Let c(a) = 14993*a + 269864. Calculate c(-18).
-10
Let h(p) = -p**2 - 519*p + 463334. Determine h(469).
-38
Let u(y) = 160*y + 5054. Determine u(-33).
-226
Let c(w) = 12*w**3 + 383*w**2 - 29*w + 139. Give c(-32).
43
Let p(j) = j**3 + 480*j**2 + 16476*j + 3148. Determine p(-37).
3
Let r(w) = -79*w**2 + 27495*w - 1145. Determine r(348).
-101
Let j(r) = -r**2 - 26707*r + 2573050. Determine j(96).
-38
Let a(i) = i**3 + 19*i**2 - 65*i - 161. Calculate a(-22).
-183
Let l(x) = -x**2 - 50510*x + 404205. Give l(8).
61
Let n(q) = 142*q - 10198. Give n(74).
310
Let h(v) = 137*v - 1190. Calculate h(9).
43
Let c(v) = 35*v - 457. Calculate c(-13).
-912
Let g(l) = 43*l**2 + 1096*l + 2910. Calculate g(-3).
9
Let f(q) = 2*q**2 - 56*q + 415. What is f(8)?
95
Let h(b) = 3132*b - 498012. Calculate h(159).
-24
Let j(s) = s**3 + 9*s**2 - 75*s + 293. Give j(6).
383
Let t(c) = 172*c + 16007. Determine t(-87).
1043
Let v(q) = -3*q**2 + 25741*q + 10130738. Calculate v(-377).
-6
Let w(o) = o**3 + 143*o**2 + 1892*o - 3580. Give w(-128).
4
Let o(q) = 1190*q - 109565. Determine o(92).
-85
Let d(v) = -1379*v + 6909. Give d(5).
14
Let h(n) = -351*n**2 + 19660*n - 181. Give h(56).
43
Let c(g) = 2*g**3 - 431*g**2 + 8354*g - 2327. Give c(194).
1
Let b(m) = -7653*m + 574087. What is b(75)?
112
Let o(c) = -c**2 + 253*c + 957. Determine o(-4).
-71
Let a(t) = -t**3 + 958*t**2 + 12600*t + 22348. Give a(971).
15
Let f(a) = -a**2 - 86*a + 4388. Give f(41).
-819
Let j(r) = -4*r**3 - r**2 + 192*r - 1121. Calculate j(6).
-869
Let d(z) = -z**3 - z**2 - 93*z - 278. Calculate d(-3).
19
Let l(i) = -68847*i + 19. Give l(0).
19
Let j(d) = -d**2 - 185*d + 5085. What is j(27)?
-639
Let m(c) = 7*c**2 + 348*c + 2898. What is m(-11)?
-83
Let r(v) = 269849*v + 2428646. Calculate r(-9).
5
Let u(z) = z**3 + 116*z**2 - 2265*z - 260. Calculate u(-133).
272
Let t(i) = 4*i**3 - 46*i**2 - 516*i + 5912. Give t(11).
-6
Let l(q) = -q**3 + 375*q**2 - 1116*q + 84. Determine l(372).
84
Let u(a) = -4051*a - 444953. Calculate u(-110).
657
Let d(p) = -17*p**2 + 161*p - 866. Give d(5).
-486
Let h(i) = -2878*i - 405540. What is h(-141)?
258
Let t(q) = -118*q**3 - 468*q**2 + 20*q + 63. What is t(-4)?
47
Let q(u) = u**2 - 9033*u + 162288. Determine q(18).
18
Let v(c) = -4*c**2 - 4171*c - 25073. Calculate v(-6).
-191
Let f(p) = -p**2 + 642*p + 30913. What is f(-45)?
-2
Let d(s) = 46*s**2 - 226*s + 5. Give d(4).
-163
Let v(g) = g**3 - 90*g**2 + 80*g + 117. Calculate v(89).
-684
Let m(d) = -831*d + 149698. Give m(180).
118
Let j(b) = 4240*b - 275444. What is j(65)?
156
Let p(z) = 2*z**3 - 11*z**2 - 13*z - 136. What is p(10)?
634
Let r(b) = -129403*b - 7. Determine r(0).
-7
Let x(k) = -24*k**3 - 116*k**2 + 365*k + 1840. Calculate x(-5).
115
Let m(s) = 52557*s - 314900. What is m(6)?
442
Let f(d) = -4968*d - 134293. What is f(-27)?
-157
Let s(g) = -g**3 + 10*g**2 + 162*g - 550. What is s(16)?
506
Let p(b) = 4*b**2 + 191309*b - 765296. Determine p(4).
4
Let c(a) = -14375*a + 1049379. Calculate c(73).
4
Let q(x) = x**3 - 5*x**2 + 20*x + 158. Determine q(9).
662
Let m(v) = 13*v**2 + 576*v - 14563. Give m(18).
17
Let d(c) = c**3 + 31*c**2 + 35*c - 79. Determine d(-30).
-229
Let z(x) = -3*x**3 + 42*x**2 - 62*x + 41. Calculate z(11).
448
Let q(m) = -4839*m - 140329. Calcula